-11*g + 4656. Suppose g = r - 5*m, 4*m = 4*r + 6*m - 2218. What are the prime factors of r?
557
Let x = 6 + -13. Let w = x + -30. Let a = -17 - w. What are the prime factors of a?
2, 5
Let b = -120 + 122. Suppose -5*x + 5*u + 232 = -998, 0 = b*x + 5*u - 492. What are the prime factors of x?
2, 3, 41
Let h be (-22)/(-5) + (-20)/50. Suppose 0 = -3*f - 5*n - 2, 0 = 5*f - 5*n + 3*n + 24. List the prime factors of 278/f*h/(-2).
139
Let o(l) = 117*l**2 + 28. Let h be o(-7). Let f(p) = -p**3 + 8*p**2 - 8*p - 9. Let x be f(6). Suppose 2101 = -x*b + h. What are the prime factors of b?
2, 61
Let t be (-10*6)/6 + -6. Let c = 86 - t. What are the prime factors of c?
2, 3, 17
Let x(i) = -i**3 - 6*i**2 + 15*i + 8. Let j be x(-8). Suppose -j*u - 1459 = -3795. What are the prime factors of u?
2, 73
Let y(o) = 7*o**3 - 11*o**2 + 34*o - 112. List the prime factors of y(9).
2, 2203
Let j = 5624 + -761. What are the prime factors of j?
3, 1621
Let u = 478 - 462. Suppose -u*r + 22464 = 8*r. What are the prime factors of r?
2, 3, 13
Let i(z) be the third derivative of 19/60*z**5 + 0 + 1/3*z**3 + 23*z**2 + 0*z + 11/24*z**4 + 1/120*z**6. List the prime factors of i(-18).
2
What are the prime factors of -36325*(-7 - (-19 - -13))?
5, 1453
Let c(y) = 16*y**2 + 11*y + 24. Let z be c(15). Let x = -2477 + z. List the prime factors of x.
2, 41
Let h = 10612 - 9539. What are the prime factors of h?
29, 37
Let d(w) = 1095*w**2 - w - 16. Let p be d(3). Suppose -2222 + p = 6*g. List the prime factors of g.
3, 47
Suppose 0 = 10*j - 12 - 8. Let b = -1 + j. Suppose p = d - 57, b - 4 = -3*p. What are the prime factors of d?
2, 29
Let d(k) = k**2 + 18*k + 220. List the prime factors of d(-59).
7, 13, 29
Let h(w) = w**2 - w - 15. Let z be h(5). Let f(p) = 17*p**2 + 9*p**2 + 28 + 3*p**3 - 20*p + 1 - z*p**3. What are the prime factors of f(12)?
7, 11
Suppose -3*f + 10 = 109. Let z = 31 + f. What are the prime factors of z/5 - (-182)/5?
2, 3
Let l = -241 + 245. Suppose l*n + 1616 = 2*r, 3*n + 36 = 42. List the prime factors of r.
2, 7, 29
Let o(h) = -h**2 - 2*h. Let s(y) = 82*y**2 + 7*y - 1. Let v(k) = -o(k) + s(k). What are the prime factors of v(2)?
349
Let y(d) = 207*d**2 - 401*d + 3226. List the prime factors of y(8).
2, 3, 11, 67
Suppose 4 = h, 4*h + 0*h = -5*a + 31. Suppose -a*t + 22 = 3*o - o, o - 1 = t. Suppose o*d - 19 - 51 = 0. List the prime factors of d.
2, 7
Suppose -11*s - 4*s = -500085. What are the prime factors of s?
3, 11113
Let u(s) be the third derivative of -17*s**2 + 0*s + 1/6*s**4 + 1/120*s**6 + 1/5*s**5 - 3/2*s**3 + 0. What are the prime factors of u(-8)?
5, 43
Suppose 54504 = 4*v + 4*d, -2*v = 5*d - 3871 - 23378. What are the prime factors of v?
13627
Let k = -310 - -749. Let j = k + 960. What are the prime factors of j?
1399
Let m(v) = -65*v + 2482. List the prime factors of m(-91).
3, 311
Let i = -400 + 7488. What are the prime factors of i?
2, 443
Let g(f) = f**3 - 49*f**2 - 255*f - 208. List the prime factors of g(65).
3, 13, 1303
Let w = -55 + 118. Let v = 142 + -28. Suppose w = p + 5*t, -p - p + 2*t + v = 0. What are the prime factors of p?
2, 29
Let c = 57 - 58. Let o be (c/(-2))/(5/3500). Suppose -o = -6*x + 388. List the prime factors of x.
3, 41
Let f be (-1 + -2)/((-133785)/44600 - -3). List the prime factors of (-8)/44 + f/(-55).
2, 3
Suppose -3*x - 443 = -467. Suppose x*m - 7096 - 1312 = 0. List the prime factors of m.
1051
Suppose 0*r - 146 = -2*b + r, 3*b + 4*r - 197 = 0. Let a(m) = m**2 - 2*m - 3. Let c be a(4). Suppose c*y - 274 = b. What are the prime factors of y?
3, 23
Let n be (-140)/105 - 488382/9. List the prime factors of (-4 + 1)/(86/n).
3, 631
Let d(h) = 110*h**2 - 833*h + 5889. What are the prime factors of d(7)?
2, 3, 227
Let t(a) = 4*a**3 - 4*a**2 + 38*a + 22. What are the prime factors of t(10)?
2, 3, 23, 29
Suppose -33024 = -5*b - g - 3*g, -2*b - 4*g + 13200 = 0. Suppose -b = -4*f + 5*r, -5*r - 1637 = 11*f - 12*f. List the prime factors of f.
1657
Let k be (0*(-1 + 4/8))/3. Suppose 3*r + 6*r - 9 = k. What are the prime factors of (1 + -260)*(-1)/r + 1?
2, 5, 13
Let s = -47252 + 112101. What are the prime factors of s?
64849
Suppose -3*s = -s - 530. Let g = s - -167. Suppose 0 = -5*j - 3*j + g. What are the prime factors of j?
2, 3
Suppose -2*b - 3 + 11 = 0. Let t be -2 + b + -4 + 12 + 2. Suppose -t*o = -7*o - 350. What are the prime factors of o?
2, 5, 7
Let c(p) = 8*p**3 - 3*p + 4. Let t(a) = -8*a**3 + 3*a - 3. Let r(l) = 6*c(l) + 5*t(l). What are the prime factors of r(2)?
67
Let p(d) = -35*d + 37. Let k(g) = 33*g - 38. Let i(q) = -4*k(q) - 3*p(q). List the prime factors of i(-5).
2, 11
Suppose 106*m = 80*m + 19656. List the prime factors of m.
2, 3, 7
Let l(a) = 94*a**2 + 11*a - 24. Let i be l(3). Let m = i - 481. What are the prime factors of m?
2, 11, 17
Suppose -2*n - 13*a + 11*a = -16902, 17*a + 51 = 0. What are the prime factors of n?
2, 3, 1409
Let j = 15193 - 8887. List the prime factors of j.
2, 3, 1051
Let z(i) = -i**3 + 25*i**2 + 25*i + 26. Let a be -52*3/18*-3. Let c be z(a). Suppose c = t - 68 - 73. List the prime factors of t.
3, 47
What are the prime factors of (-88)/11 + 2419 + -2?
3, 11, 73
Let a = -1557 + 9420. What are the prime factors of a?
3, 2621
Let v = 64 - 36. Let w be 7/v - (-41)/(-4). What are the prime factors of w/(-2*4/40)?
2, 5
Let v(p) = 2*p**2 - 55*p + 36. Let o be v(28). Let b = 368 - o. List the prime factors of b.
2, 19
What are the prime factors of 1/(-7) + (-1703110)/(-70)?
2, 3, 5, 811
Let h(n) = 17*n**3 - 43*n**2 + 4*n + 103. List the prime factors of h(14).
3, 11, 1163
Let j = -10323 + 15551. What are the prime factors of j?
2, 1307
Suppose 70*f = 85*f - 102306 - 224964. List the prime factors of f.
2, 10909
Let v = 99469 - 50223. What are the prime factors of v?
2, 24623
Let c(p) = 17*p**2 - 40*p - 25. What are the prime factors of c(17)?
2, 263
Suppose -5*f = -2*p - 4, -2*f - 5 + 24 = 5*p. Suppose 2*l = -p*y + 283 + 576, 305 = y - 4*l. What are the prime factors of y?
17
Suppose 0*q + 5*q - 5185 = -5*b, 0 = -b - 2*q + 1042. Suppose 0 = -5*c - 3*o + b - 178, 4*c - o = 690. List the prime factors of c.
2, 43
Let s = -371 + 1112. Suppose -4*u = 5*z - 1237, 2*u = 3*z - 6*z + s. List the prime factors of z.
5, 7
Suppose 714 = 5*c + 4*u - 630, 4*u - 256 = -c. Suppose 62 - c = -7*v. Let h = 112 - v. List the prime factors of h.
2, 41
Suppose -24*j + 19*j - 1490080 = -45*j. What are the prime factors of j?
2, 67, 139
Let a(c) = 2370*c + 42. Let p be a(7). What are the prime factors of (-2)/(-5) + p/45 + -5?
5, 73
Let z = -439 + 428. List the prime factors of 2*z*114/(-76).
3, 11
Suppose 15*z + 9 = 54. List the prime factors of 1019/(6/18*z).
1019
Suppose 14*w - 39 = o + 12*w, -51 = o + 2*w. What are the prime factors of ((-5463)/o)/((-5)/(-25))?
607
Suppose 32*q + 1944 = 41*q. Suppose -137 + q = d. List the prime factors of d.
79
Suppose 5*u - 14*u - 337232 = -25*u. What are the prime factors of u?
7, 3011
Suppose 0 = 5*s + 5 - 640. Suppose -261 = -98*h + 95*h. Let l = s - h. List the prime factors of l.
2, 5
Let b(g) = -6210*g - 2140. List the prime factors of b(-7).
2, 5, 4133
Let u(z) = 0*z - 3*z + 0*z**3 - 210 - 2*z**2 + 207 - z**3. Let b be u(-2). Suppose 8*t - 291 = -b. List the prime factors of t.
2, 3
Let w(a) = 2*a**2 + 2*a + 51. Let z be w(-12). Suppose 4*h - 1138 = -3*y - z, 0 = -y - 5*h + 267. List the prime factors of y.
277
Let r(i) = i**2 + 14*i - 48. Let v be r(-17). Suppose -24*k + 41742 = v*k. List the prime factors of k.
2, 773
Suppose -5*k = -3*m - 125201, 39358 + 35780 = 3*k + 4*m. List the prime factors of k.
2, 19, 659
Let q be (-2 + -3)*-12 + 1. Suppose -25 = -q*r + 56*r. Let b = r - -3. What are the prime factors of b?
2
Suppose 49 - 214 = -11*w. Suppose -3*u + 2784 = -12*b + w*b, 2*b + 1836 = 2*u. List the prime factors of u.
13, 71
Let m be -1 + 1*(5 - -56 - 6). Let k(t) = t**3 - 53*t**2 - 25*t + 104. What are the prime factors of k(m)?
2, 5, 167
Let p(j) = 2 + j**2 + 6*j**2 + 3*j - 6*j**2 - j. Let n be p(0). Suppose 41 + 25 = n*t + 3*g, -g = -t + 33. List the prime factors of t.
3, 11
Let h = 28447 - 19740. What are the prime factors of h?
8707
Let x(v) be the first derivative of 152*v**3 + 3*v**2/2 + v + 67. What are the prime factors of x(2)?
1831
Suppose 79 =